se 9*h - 30 = 4*h - 5*n, d*n + 16 = h. What is the units digit of h?
8
Suppose -6*x + 26 = -4*x - 5*u, 2*u + 17 = 3*x. Suppose -x*l - 24 + 63 = 0. What is the tens digit of l?
1
What is the units digit of -4 + 2 + -2 + 51?
7
Let r(s) = 7*s**2 + 3*s + 1. What is the units digit of r(6)?
1
Let n(x) = -3*x**2 + 3*x - 2. Let a be n(1). What is the tens digit of (312/(-91))/(a/28)?
4
Let h = 13 - 9. Suppose 4*u - 37 = -a, 20 = 5*u - h*a - 21. What is the units digit of u?
9
Let r(v) = -v**2 + 9*v + 2. Let t be r(9). Let z(x) = 6*x**2 - 3*x + 2. Let h be z(t). Let f = 32 - h. What is the units digit of f?
2
Suppose 0 = -3*g - 3, -138 = -5*n - 2*g - 0*g. What is the tens digit of n?
2
Suppose 0 = -z - 4*z - 125. Let r be (9*2)/(-2) + -3. Let k = r - z. What is the tens digit of k?
1
Let g(o) = -o + 12. Let d(h) = 3*h - 4 + 15 - 4*h. Let u(b) = 5*d(b) - 4*g(b). What is the units digit of u(6)?
1
Suppose 5*d = -81 - 69. Let s(k) = k**2 + 5*k - 5. Let o be s(-6). What is the tens digit of -1 + o/((-2)/d)?
1
Suppose -3*r - 7 = -22. Let m = 2 + r. What is the units digit of m?
7
What is the tens digit of (539/(-22))/(2/(-4))?
4
Let r be ((-2)/(-6))/((-1)/(-18)). Suppose r = 2*z + z. Suppose 5*b = -z + 12, 6 = 2*u + 2*b. What is the units digit of u?
1
Let t be (11/(-4) - -2)*4. Let v be (-6)/2*2/t. Suppose c + 5*u + 0 = -v, -2 = 2*u. What is the units digit of c?
3
Suppose 5*z + 994 = 3*k, -86 = -2*k - 4*z + 562. What is the units digit of k?
8
Let m be (16/10)/(-4)*5. Let c(d) = -7*d. Let v be c(m). What is the units digit of (0 - 1) + v/7?
1
Suppose 168 = 2*r + r. Suppose -g = k - 31 + 7, 2*g - 2*k - r = 0. What is the tens digit of g?
2
What is the tens digit of 544/6 - (-15)/(-9)?
8
Let m(c) = -4*c - 11. Let p be m(5). Let n = p + 58. What is the units digit of n?
7
Let d be 3 - (4 - (0 - 3)). Let j(v) = -5*v - 3 + 1 + 0*v - v**2. What is the units digit of j(d)?
2
Let h(y) = -y**3 - 5*y**2 + 4*y - 7. Let r be h(-6). Suppose 0 = 5*a - 2*n + r*n - 2, 2*a = n + 3. What is the units digit of a?
1
Suppose -4*j + 12 = -3*t - 5*j, -3*t + 3*j - 12 = 0. Let w be ((-6)/10)/(t/20). Suppose -2*o + 4*b - w*b + 19 = 0, 4*o - 3*b = 37. What is the units digit of o?
0
Let m(a) = -5*a - a - 5 + 0*a**2 + a**2. What is the units digit of m(7)?
2
Let f = -180 + 317. What is the units digit of f?
7
Let x = 21 - 15. Let i(b) be the second derivative of b**4/12 - 2*b**3/3 - 7*b**2/2 - b. What is the units digit of i(x)?
5
Let r(g) be the third derivative of 4*g**5/15 - g**3 - 2*g**2. Let y(k) = 145*k**2 - 55. Let p(z) = 55*r(z) - 6*y(z). What is the tens digit of p(1)?
1
Let u = -3 + 3. Suppose 0*t - 3*t + 27 = u. What is the units digit of t?
9
Suppose y - 5*u - 1 - 3 = 0, -3*y + 4*u = -12. What is the units digit of 2/(y + -2) - -8?
9
Let c = 4 - -2. What is the units digit of (-390)/(-40) - c/8?
9
Suppose 4*x = -0*x + 128. What is the units digit of x?
2
Let x(k) = 3*k + 1. Suppose 0*u = -3*u + 30. Let i be ((-2)/u)/((-4)/20). What is the units digit of x(i)?
4
Suppose 61 + 56 = 3*n. What is the units digit of n?
9
Let b(y) = y + 13. What is the units digit of b(10)?
3
Let s(o) = o + 2. Let d be s(-2). Suppose a = -d*a + 11. What is the tens digit of a?
1
Let t(o) = 5*o**2 + 2*o + 1. Let k be t(3). Suppose -5*x = 2*v + v + 72, -5*x - k = -2*v. Let d = 18 + x. What is the units digit of d?
6
Let v(g) = -3*g**2 + 3*g + 4. Let q be v(3). Let r = q - -17. What is the units digit of r?
3
Suppose 0 = y + 1 - 4. Suppose -2 = -y*x + 4. What is the units digit of x?
2
What is the units digit of ((4 - 5) + -4)*-1?
5
Suppose -2*c = -2*v + 4, 2*c + 5*v + 7 = 24. What is the units digit of 4 - (c - 0/(-1))?
3
Let m(t) = t**3 + 6*t**2 - t + 5. Let q be m(-6). Let a = 19 - q. What is the units digit of a?
8
Let v be (-560)/(-42) + 2/3. Let p = v - 3. What is the units digit of p?
1
Suppose 17 - 101 = -2*c. What is the tens digit of c?
4
Suppose 0 = -2*m + 4. What is the units digit of m?
2
Let m = 28 + -4. Let b = m - 17. What is the units digit of b?
7
Let d be 1 - -4*1/2. Let v = 0 - d. What is the units digit of (4 + v)*-3 + 6?
3
Let k be ((-1 - -1)/(-2))/(-3). What is the units digit of 8 - (k - (-3 - -2))?
7
Let u(h) = 20*h**2 + 7*h - 12. What is the units digit of u(4)?
6
Let i(m) = m**2 + 2*m - 3 - 2*m**2 + 3*m**2 - m**3. Suppose 3 + 1 = 2*x. What is the units digit of i(x)?
1
Suppose 3*d - 92 = o, -2*o - 1 + 158 = 5*d. What is the units digit of d?
1
What is the tens digit of 1674/21 + 1*2/7?
8
Suppose 3*y = -m + 74, -2*m = 4*y - 2*y - 136. Suppose 5*u - 49 = -2*l - 13, m = 3*l + 2*u. What is the units digit of l?
3
Suppose 2*q + c - 39 = 0, 28 + 8 = 2*q + 2*c. Let b = 6 - -29. Let v = b - q. What is the units digit of v?
4
Let o = -73 + 133. What is the units digit of o?
0
What is the tens digit of (0 - 152/12)*-3?
3
Let b(q) = -21*q - 9. What is the units digit of b(-17)?
8
Let v(r) = r**3 - r + 3. Let o be v(0). Suppose 0 - 18 = -o*c. Suppose 0 + c = 2*x. What is the units digit of x?
3
Let a = 644 - 276. What is the hundreds digit of a?
3
Suppose -s + 4 = 1. Suppose -2 = -4*q + s*q. Suppose 2*p + 3*p + 6 = o, -2*p = q*o. What is the units digit of o?
1
Let b(x) = x**2 - 11*x + 5. What is the tens digit of b(12)?
1
Suppose 4*p = 6*p + 12. Let i = -5 - p. What is the units digit of (i + (8 - 2))*1?
7
Let i = 375 - 249. What is the tens digit of i?
2
Suppose t + 2*k + 6 = 3*t, -2*t = -5*k. What is the units digit of t?
5
Suppose -b = -4*h + 860, h + b = 2*b + 215. What is the tens digit of h?
1
Let b = 6 + -9. What is the units digit of (-10)/b*9/5?
6
Suppose -39 = 5*t + 4*q, 2*t + 0*q + 16 = -2*q. Let h = t - -11. What is the units digit of h?
4
Let a = -6 + 0. Let c be (16/(-10))/(a/15). Suppose -9 = -c*x + 7. What is the units digit of x?
4
Let f(x) be the second derivative of -x**5/20 + 2*x**4/3 + 5*x**3/3 + x**2/2 - 3*x. What is the units digit of f(9)?
0
Suppose 7*q = 648 + 570. What is the units digit of q?
4
Let y(t) = 9*t - 76. What is the tens digit of y(19)?
9
Let m(v) be the second derivative of -v**5/20 - v**4/2 - v**3/6 - 2*v**2 - 3*v. Let h be (6/4)/((-1)/4). What is the units digit of m(h)?
2
Let d(o) = 13*o - 1. Let p be d(1). Suppose 0 = -4*u + p. Suppose 0 = u*a - 5 - 7. What is the units digit of a?
4
Let a be (-1)/(-2 - (-1)/1). Let v be (-6)/(-9)*(3 - 0). Suppose -11 = -v*w + a. What is the units digit of w?
6
Suppose 25 = 2*d - 63. What is the tens digit of d?
4
Let x = 193 - 43. What is the tens digit of x?
5
Let t = -1 - -2. Let d be 1 + (2 - t)/1. What is the units digit of (-4 - -3)/(-2)*d?
1
Let l be ((-4)/(-8))/((-2)/(-4)). Let z = l - 5. Let m = z + 5. What is the units digit of m?
1
Suppose c = -3*w + 23, 3*w - 3*c = w + 8. What is the units digit of w?
7
Let a = 64 - 61. What is the units digit of a?
3
Suppose -2*r + 296 = 5*s, 2*s = 8 - 0. What is the tens digit of r?
3
Suppose 4*n + 162 = n. Let m = n - -36. What is the units digit of 74/9 + 4/m?
8
Let o = 19 + -15. Suppose c - 6 = -o*b, 0 = -3*c + b - 3*b + 68. What is the units digit of c?
6
Let n(y) = 18*y**2 + y - 4. What is the units digit of n(-2)?
6
Suppose -5*f + 4*f - 3 = 0. What is the tens digit of 23 + (f - -6)*-1?
2
Suppose -3*q - 2*q = -20. Let i = 0 - -9. Suppose 4*n - i = 3, q*n = g + 2. What is the units digit of g?
0
Let l(r) = -r - 8. Let v be 0/((4/2)/2). Let n be l(v). Let q = -7 - n. What is the units digit of q?
1
Let w be (1/(-2))/((-5)/50). Suppose -11 - w = -2*l. What is the units digit of l?
8
What is the tens digit of 1/4 + 366/8?
4
Suppose 3*i - z = 332, -4*i + 312 = -i + 3*z. What is the units digit of i?
9
Suppose 5 = 10*g - 5*g. Let y(i) be the third derivative of -i**6/120 + i**5/60 + i**4/24 - 2*i**2. What is the units digit of y(g)?
1
Let g = 52 - 4. What is the tens digit of g?
4
Suppose 0 = 5*d + 3*g - 2*g - 5, -3*d - 5*g = 19. Suppose -q - d*q = 0. Suppose y + q*y = 4. What is the units digit of y?
4
Let u(m) = 6*m**3 - 3*m**2 - 13*m - 6. Let l(s) = 9*s**3 - 4*s**2 - 20*s - 9. Let f(o) = 5*l(o) - 8*u(o). What is the units digit of f(-2)?
5
Let a(x) = -9*x**2 - 2 - x**3 - 12*x + 3*x + 0. Let v be a(-8). What is the units digit of 0 - (-1 + v)*-1?
5
Suppose 6*a - 5*a = 16. What is the tens digit of a?
1
Let a be 6*(0 + (-4)/(-6)). Suppose 0 = 4*g - 3*g